vided by 13?
12
Suppose 2*n - 8 = -2*f, -3*f = n - 0*n - 4. Suppose 0*i + d = -n*i + 53, i + 5*d = 18. Calculate the remainder when 23 is divided by i.
10
Suppose 5*y - 2*y - 85 = -2*m, -2*m = -10. Calculate the remainder when 51 is divided by y.
1
Let i be (51/9)/((-1)/(-12)). Suppose -2*c = -6 - i. Let y(f) = 4*f + 1. Calculate the remainder when c is divided by y(3).
11
Let k be (1 - -1)*(-10)/(-5). Suppose k*q = 3 + 29. Calculate the remainder when 23 is divided by q.
7
Suppose -5*k + 90 = 3*a, -59 = -2*a - 20*k + 17*k. Let o(d) = d**3 - 9*d**2 - 3*d + 1. What is the remainder when o(10) is divided by a?
21
Suppose 48 = i - 29. What is the remainder when i is divided by 67?
10
Suppose 2*w = -3*w + 150. Let r = w + 72. What is the remainder when r is divided by 13?
11
Let d(j) = -j**3 - 11*j**2 - 28*j - 24. What is the remainder when d(-9) is divided by 19?
9
Let o be -13 - (0/(-3) + 0). Let y be o/26 + (-14)/(-4). Suppose -y*r = 2*r - 10. What is the remainder when 2 is divided by r?
0
Let y(r) = 34*r + 850. What is the remainder when 269 is divided by y(-24)?
31
Let u(f) = 6*f**2 - f. Let h be u(1). Let v(a) = -a**3 + 22*a**2 - 27*a + 128. Calculate the remainder when -1 + 6 + h + -5 is divided by v(21).
1
Suppose -5*q - 4 + 17 = j, 4*j - 3*q = 29. What is the remainder when 121 is divided by j?
1
Let h = 350 - -44. Calculate the remainder when h is divided by 8.
2
Suppose 5*o - 4*f = -387, -4 = 5*f + 6. Let u = -54 - o. Suppose 72 = -5*k + 317. Calculate the remainder when k is divided by u.
24
Calculate the remainder when ((48/(-2))/2)/(11/(-11)) is divided by 9.
3
Let g be (-2)/(1 + 1)*0. Suppose g = -2*p - 3*p - 3*h + 33, 5*p - 34 = -4*h. Suppose -8*i + 50 = -p*i. Calculate the remainder when 48 is divided by i.
23
What is the remainder when 5 - -22 - (14 + -14) is divided by 7?
6
What is the remainder when 20964/52 + 24/(-156) is divided by 58?
55
Let k = -358 + 244. Let q = 179 + k. Calculate the remainder when q is divided by 25.
15
Suppose 8 = -p - 4*a, -14 = -p + 2*a + 2. Calculate the remainder when 43 is divided by (((-20)/p)/(-5))/(2/36).
7
Suppose -4*i = -0*i + 76. Let s = 27 + i. What is the remainder when 27 is divided by s?
3
What is the remainder when 130 is divided by 2 + (-65)/(-1)*(-6 + 7)?
63
Suppose -2*v - 1 = -9, -4*c - 4*v + 112 = 0. What is the remainder when 257 is divided by c?
17
Suppose -i - 2 = -24. Let k(j) = j**3 + 9*j**2 + 3*j - 26. What is the remainder when k(-6) is divided by i?
20
Suppose 0 = -2*i + 5*m + 24 - 27, -i = -3*m + 4. What is the remainder when 262 is divided by i?
9
Calculate the remainder when ((-66)/(-8))/(75/1900) is divided by 30.
29
Let q(v) = -v**3 - 7*v**2 + 7*v + 11. Let f be q(-8). Calculate the remainder when (1 - -28)/(2/4) is divided by (f/2)/(16/32) + 1.
18
Calculate the remainder when -1 + -5 - (83 + -771) is divided by 18.
16
Let o be (-4)/(-18) - 75/(-27). Suppose -21 + 54 = o*i. What is the remainder when (16/5)/((-2)/(-20)) is divided by i?
10
Suppose -4*m - 127 = 5. Let u = -132 - m. Calculate the remainder when 85 is divided by (6/(-9))/(3/u).
19
Let b(z) = -78*z - 80. Calculate the remainder when b(-4) is divided by 26.
24
Let y(g) = -g**3 - 5*g**2 + 3*g - 72. Calculate the remainder when 55/3 + (-2)/(-3) is divided by y(-7).
4
Suppose 0 = 2*a - 4*a - 198. Let j = a + 5. Calculate the remainder when ((-4)/8)/1*j is divided by 12.
11
Suppose 0 = -11*w + 44 + 11. Suppose w*g = -p + 36, 4*g = 3*g. What is the remainder when p is divided by 5?
1
Let q be ((-1)/1)/((-13)/(-195)). What is the remainder when (54/q - -4)*40 is divided by 7?
2
Suppose 651 = -12*x + 19*x. Calculate the remainder when x is divided by (-4)/(-3)*54/3.
21
Suppose -5*l - 128 = -418. Suppose -l = -2*y + 102. Let i = -40 - -67. Calculate the remainder when y is divided by i.
26
Let i(z) = z**2 + 2*z - 29. Suppose -3*q - 4 = d, 4*q + 2*d + 8 = -0*d. Let f be i(q). Let o = 33 + f. What is the remainder when 18 is divided by o?
2
Let z = -427 - -485. What is the remainder when 459 is divided by z?
53
Let y = -1 + 1. Suppose y = -2*t + t. What is the remainder when 4 - (-14 - (t - 0)) is divided by 5?
3
Suppose -847 = -17*k - 82. Calculate the remainder when k is divided by 17.
11
Suppose 0 = m - 6*m + 55. What is the remainder when (-4 - 1 - 2) + 37 is divided by m?
8
Let u(f) = -3*f - 5. Let a be (1 + (1 - 1))*-5. Let p = -6 + 10. What is the remainder when u(a) is divided by p?
2
Suppose -27*g + 3*t + 70 = -22*g, -4*g + t + 56 = 0. Calculate the remainder when 43 is divided by g.
1
Suppose -2*g + g = 3*v - 404, g - 2*v = 419. What is the remainder when g is divided by 18?
17
Suppose -1 = -l + 5*x, 0 = 2*l - 3*x - 2 - 0. Calculate the remainder when 3 is divided by l.
0
Let v(h) be the second derivative of -h**3/2 + 11*h**2/2 - 3*h. Calculate the remainder when 43 is divided by v(-4).
20
Let g be 68/(-12) + 4/6. Let r(w) = 2*w**2 + 6*w - 4. What is the remainder when r(g) is divided by 2/11 + (-64)/(-11)?
4
Let b(r) be the first derivative of -r**2/2 + 15*r - 2. Let j be b(-11). What is the remainder when 31 is divided by (-4 + j)/(2 - 0)?
9
Suppose -11*a = -22*a + 44. Suppose 3*h + 227 = -2*r + 7*r, a*r = -2*h + 164. Let d(v) = v**2 + 2*v. Calculate the remainder when r is divided by d(-5).
13
Suppose -2*f = -0*f + 4*n - 12, -f = 5*n - 15. Suppose f = -5*q + 109 + 11. Calculate the remainder when q is divided by (7 - 8/(-4))*1.
6
Let q = 1863 + -1850. Calculate the remainder when (16/(-10))/((-2)/30) is divided by q.
11
Let x = 2267 - 1590. Calculate the remainder when x is divided by 40.
37
Let l(k) be the third derivative of k**5/10 + k**4/24 + k**3/6 + 6*k**2. What is the remainder when l(2) is divided by 14?
13
Let y be (10/4 + -1)*(3 + 1). What is the remainder when 1/(-3) + (326/y - -1) is divided by 14?
13
Let w(n) = -4*n + 53. Let r be w(14). Calculate the remainder when 21 is divided by 44*(r/(-2))/(42/7).
10
Let o(x) = 108*x**3 + 6*x**2 - 9*x + 4. Calculate the remainder when o(1) is divided by 19.
14
Suppose -4*k + 44 = 3*h + h, -h = -5*k + 31. Calculate the remainder when 54 is divided by k.
5
Let g(q) = 4*q + 2. Let s be g(-1). Let f be 2/(2 - (s - -3)). Suppose -3*b - 4*u = -2*b - 21, 127 = 5*b - f*u. Calculate the remainder when b is divided by 14.
11
Suppose 5*h = 68 - 3. Suppose 119 = 5*k - 6. Suppose -4*f = -2*n + 36, n + k = 6*n + 3*f. Calculate the remainder when h is divided by n.
5
Let s = 27 + -14. Suppose 0 = 3*y - 9, -t + 3*y = -s + 1. Let o = -58 + 99. What is the remainder when o is divided by t?
20
Suppose -3*u = 2*u - 535. What is the remainder when u is divided by 5/(40/32) - -18?
19
Suppose -4*w - z + 10 = -3, -7 = -4*w + 5*z. Suppose t = q + 31, -w*t + 5*q - 26 = -127. What is the remainder when 78 is divided by t?
24
Let x(q) = 172*q**2 - 10*q + 6. What is the remainder when x(1) is divided by 77?
14
Suppose 0 = m - 2 + 10. Let t = 12 + m. Suppose 0 = -g + t*g - 63. What is the remainder when 81 is divided by g?
18
Let h be (4/6)/((-24)/(-108)). Let o(d) = 7*d**2 + 125*d**h - 6 - 126*d**3 + 3*d**2 + 13*d. Calculate the remainder when o(11) is divided by 9.
7
Suppose 10*i - 67 = 503. Calculate the remainder when (-158)/(-3) - (-19)/i is divided by 27.
26
Suppose -27583 + 8270 = -31*f. Calculate the remainder when f is divided by 48.
47
Suppose -14*i + 9 + 19 = 0. Let h(z) = -3*z - 2. What is the remainder when h(-2) is divided by i?
0
Let g = 1893 + -1871. Let w = 336 - 227. What is the remainder when w is divided by g?
21
Let x = 232 + -220. What is the remainder when x is divided by 10?
2
Suppose -f = -5, 5*f = 2*c - 3*c + 44. Calculate the remainder when 48 is divided by c.
10
Let l be -3 + 30/3 + -2. Suppose l*b + 84 = 2*s, 0 = 4*s - 2*b + 5 - 205. Calculate the remainder when s is divided by 14.
10
Let f be ((-12)/(-2) - 4)*(-1 + 30). Suppose 11 = 2*q - l - f, 0 = -4*q + 5*l + 153. What is the remainder when q is divided by 18?
14
Suppose -2*t - 17 - 39 = 0. Let c = 20 + t. Let s = 1 - c. Calculate the remainder when 32 is divided by s.
5
Let o(r) = 7 - 6 - r + 11. Calculate the remainder when 67 is divided by o(-11).
21
Let y(t) = -3*t - 15. Let n be y(-11). Suppose 14*q + 36 = n*q. What is the remainder when q is divided by (9/(-4))/(6/(-16))?
3
Let d = 40 + -1